{"id":12,"date":"2015-02-20T20:12:25","date_gmt":"2015-02-20T20:12:25","guid":{"rendered":"http:\/\/avada.theme-fusion.com_demos\/law\/?page_id=12"},"modified":"2017-08-23T22:18:49","modified_gmt":"2017-08-23T22:18:49","slug":"what-we-do","status":"publish","type":"page","link":"https:\/\/rbg.com.mx\/?page_id=12","title":{"rendered":"Socios"},"content":{"rendered":"<p><div class=\"fusion-bg-parallax\" data-bg-align=\"center center\" data-direction=\"up\" data-mute=\"false\" data-opacity=\"100\" data-velocity=\"-0.3\" data-mobile-enabled=\"false\" data-break_parents=\"0\" data-bg-image=\"http:\/\/rbg.com.mx\/wp-content\/uploads\/2015\/02\/background-cubos-01.png\" data-bg-repeat=\"false\" ><\/div><div class=\"fusion-fullwidth fullwidth-box fusion-builder-row-1 fusion-parallax-up nonhundred-percent-fullwidth non-hundred-percent-height-scrolling\" style=\"--awb-border-radius-top-left:0px;--awb-border-radius-top-right:0px;--awb-border-radius-bottom-right:0px;--awb-border-radius-bottom-left:0px;--awb-background-image:url(&quot;http:\/\/rbg.com.mx\/wp-content\/uploads\/2015\/02\/background-cubos-01.png&quot;);--awb-background-size:cover;--awb-flex-wrap:wrap;\" ><div class=\"fusion-builder-row fusion-row\"><div class=\"fusion-layout-column fusion_builder_column fusion-builder-column-0 fusion_builder_column_1_1 1_1 fusion-one-full fusion-column-first fusion-column-last\" style=\"--awb-bg-size:cover;\"><div class=\"fusion-column-wrapper fusion-flex-column-wrapper-legacy\"><div class=\"fusion-text fusion-text-1\"><\/div><div class=\"fusion-text fusion-text-2\"><\/div><div class=\"fusion-text fusion-text-3\"><\/div><div class=\"fusion-clearfix\"><\/div><\/div><\/div><\/div><\/div><div class=\"fusion-fullwidth fullwidth-box fusion-builder-row-2 nonhundred-percent-fullwidth non-hundred-percent-height-scrolling\" style=\"--awb-border-radius-top-left:0px;--awb-border-radius-top-right:0px;--awb-border-radius-bottom-right:0px;--awb-border-radius-bottom-left:0px;--awb-padding-top:110px;--awb-padding-bottom:90px;--awb-background-color:#ffffff;--awb-border-sizes-top:0px;--awb-border-sizes-bottom:0px;--awb-flex-wrap:wrap;\" ><div class=\"fusion-builder-row fusion-row\"><div class=\"fusion-layout-column fusion_builder_column fusion-builder-column-1 fusion_builder_column_1_1 1_1 fusion-one-full fusion-column-first fusion-column-last fusion-column-no-min-height fusion-animated\" style=\"--awb-padding-top:5px;--awb-bg-color:#112544;--awb-bg-color-hover:#112544;--awb-bg-size:cover;--awb-margin-top:5px;--awb-margin-bottom:10px;\" data-animationType=\"slideInLeft\" data-animationDuration=\"1.0\" data-animationOffset=\"top-into-view\"><div class=\"fusion-column-wrapper fusion-flex-column-wrapper-legacy\"><div class=\"fusion-text fusion-text-4\"><h3 style=\"text-align: center;\" data-fontsize=\"18\" data-lineheight=\"30\"><span style=\"color: #ffffff;\">Lic. Guillermo Rivera Belden<\/span><\/h3>\n<\/div><div class=\"fusion-sep-clear\"><\/div><div class=\"fusion-separator fusion-full-width-sep\" style=\"margin-left: auto;margin-right: auto;width:100%;\"><div class=\"fusion-separator-border sep-single sep-solid\" style=\"--awb-height:20px;--awb-amount:20px;border-color:#e0dede;border-top-width:5px;\"><\/div><\/div><div class=\"fusion-sep-clear\"><\/div><div class=\"fusion-clearfix\"><\/div><\/div><\/div><div class=\"fusion-layout-column fusion_builder_column fusion-builder-column-2 fusion_builder_column_1_1 1_1 fusion-one-full fusion-column-first fusion-column-last green-border rounded-border\" style=\"--awb-padding-top:60px;--awb-padding-right:60px;--awb-padding-bottom:50px;--awb-padding-left:60px;--awb-bg-color:#ffffff;--awb-bg-color-hover:#ffffff;--awb-bg-size:cover;--awb-border-color:#e2e2e2;--awb-border-top:1px;--awb-border-right:1px;--awb-border-bottom:1px;--awb-border-left:1px;--awb-border-style:solid;\"><div class=\"fusion-column-wrapper fusion-flex-column-wrapper-legacy\"><div class=\"fusion-text fusion-text-5\"><p style=\"text-align: left;\"><img decoding=\"async\" class=\"wp-image-1251 size-full alignleft\" style=\"margin-right: 60px;\" src=\"http:\/\/rbg.com.mx\/wp-content\/uploads\/2015\/02\/socio1-copy.png\" alt=\"\" width=\"350\" height=\"261\" srcset=\"https:\/\/rbg.com.mx\/wp-content\/uploads\/2015\/02\/socio1-copy-200x149.png 200w, https:\/\/rbg.com.mx\/wp-content\/uploads\/2015\/02\/socio1-copy-300x224.png 300w, https:\/\/rbg.com.mx\/wp-content\/uploads\/2015\/02\/socio1-copy.png 350w\" sizes=\"(max-width: 350px) 100vw, 350px\" \/><\/p>\n<div id=\"areas\">\n<h3><\/h3>\n<h3 style=\"text-align: left;\"><span style=\"color: #000080;\"><strong>\u00c1REAS DE PR\u00c1CTICA:<\/strong><\/span><\/h3>\n<ul>\n<li style=\"text-align: left;\"><span style=\"color: #000080;\">Financiero y Bancario<\/span><\/li>\n<li style=\"text-align: left;\"><span style=\"color: #000080;\">Inmobiliario\u00a0\u00a0\u00a0\u00a0\u00a0\u00a0\u00a0\u00a0\u00a0\u00a0\u00a0\u00a0\u00a0\u00a0\u00a0\u00a0\u00a0\u00a0\u00a0<\/span><\/li>\n<li style=\"text-align: left;\"><span style=\"color: #000080;\">Financiamiento de Proyecto<\/span><\/li>\n<li style=\"text-align: left;\"><span style=\"color: #000080;\">Inversiones Extranjeras\u00a0\u00a0\u00a0\u00a0\u00a0\u00a0\u00a0\u00a0\u00a0\u00a0\u00a0\u00a0\u00a0\u00a0\u00a0\u00a0 <\/span><\/li>\n<li style=\"text-align: left;\"><span style=\"color: #000080;\">Burs\u00e1til<\/span><\/li>\n<\/ul>\n<\/div>\n<div id=\"texto\"><\/div>\n<div>\n<div id=\"texto\">\n<div title=\"Page 1\">\n<div>\n<div>\n<div>\n<p>&nbsp;<\/p>\n<p>&nbsp;<\/p>\n<p><strong>Se form\u00f3 en el Instituto Tecnol\u00f3gico Aut\u00f3nomo de M\u00e9xico, Licenciado en Derecho, 1988;<\/strong> Universidad de Georgetown (Orientaci\u00f3n al Sistema Legal en los Estados Unidos). En el 2012 el Licenciado Rivera obtuvo el premio al \u201cAbogado del A\u00f1o\u201d otorgado por el \u201cClients Choice Award\u201d por su excelente practica en materia de financiamiento de activos. Se ha desempe\u00f1ado representando a entidades financieras nacionales e internacionales, en todo tipo de transacciones, actividades y aspectos regulatorios tanto financieros como bancarios.<\/p>\n<p>As\u00ed mismo, el Licenciado Rivera es asesor legal de un gran n\u00famero de desarrolladores inmobiliarios y fondos de inversi\u00f3n. Su trabajo comprende la implementaci\u00f3n y el desarrollo de financiamiento de proyectos, adquisiciones inmobiliarias, desarrollo de convenios de coinversi\u00f3n y veh\u00edculos inmobiliarios y administraci\u00f3n inmobiliaria, colocaci\u00f3n de valores, estructuraci\u00f3n financiera e inmobiliaria y otras, as\u00ed como asesor\u00eda legal a entidades financieras, bancarias, desarrolladores inmobiliarios, fondos de inversi\u00f3n y cualquier otro tipo de sociedades. El Licenciado Rivera es miembro del Consejo de Administraci\u00f3n de Metlife M\u00e9xico, Metlife Pensiones, Hewlett Packard Operations M\u00e9xico y fue Secretario del Comit\u00e9 Financiero del Instituto Mexicano de Contadores P\u00fablicos.<\/p>\n<\/div>\n<\/div>\n<\/div>\n<\/div>\n<\/div>\n<p>Email: <a href=\"mailto:grivera@rbg.com.mx\">grivera@rbg.com.mx<\/a><\/p>\n<\/div>\n<\/div><div class=\"fusion-clearfix\"><\/div><\/div><\/div><div class=\"fusion-layout-column fusion_builder_column fusion-builder-column-3 fusion_builder_column_1_1 1_1 fusion-one-full fusion-column-first fusion-column-last fusion-column-no-min-height fusion-animated\" style=\"--awb-padding-top:3px;--awb-bg-color:#112544;--awb-bg-color-hover:#112544;--awb-bg-size:cover;--awb-margin-top:10px;--awb-margin-bottom:10px;\" data-animationType=\"slideInLeft\" data-animationDuration=\"1.0\" data-animationOffset=\"top-into-view\"><div class=\"fusion-column-wrapper fusion-flex-column-wrapper-legacy\"><div class=\"fusion-text fusion-text-6\"><h3 style=\"text-align: center;\" data-fontsize=\"18\" data-lineheight=\"30\"><span style=\"color: #ffffff;\">Lic. Carlos Garc\u00eda S\u00e1nchez<\/span><\/h3>\n<h3 style=\"text-align: center;\" data-fontsize=\"18\" data-lineheight=\"30\"><span style=\"color: #ffffff;\">\u00a0<\/span><\/h3>\n<\/div><div class=\"fusion-sep-clear\"><\/div><div class=\"fusion-separator fusion-full-width-sep\" style=\"margin-left: auto;margin-right: auto;width:100%;\"><div class=\"fusion-separator-border sep-single sep-solid\" style=\"--awb-height:20px;--awb-amount:20px;border-color:#e0dede;border-top-width:5px;\"><\/div><\/div><div class=\"fusion-sep-clear\"><\/div><div class=\"fusion-clearfix\"><\/div><\/div><\/div><div class=\"fusion-layout-column fusion_builder_column fusion-builder-column-4 fusion_builder_column_1_1 1_1 fusion-one-full fusion-column-first fusion-column-last green-border rounded-border\" style=\"--awb-padding-top:60px;--awb-padding-right:60px;--awb-padding-bottom:50px;--awb-padding-left:60px;--awb-bg-color:#ffffff;--awb-bg-color-hover:#ffffff;--awb-bg-size:cover;--awb-border-color:#e2e2e2;--awb-border-top:1px;--awb-border-right:1px;--awb-border-bottom:1px;--awb-border-left:1px;--awb-border-style:solid;\"><div class=\"fusion-column-wrapper fusion-flex-column-wrapper-legacy\"><div class=\"fusion-text fusion-text-7\"><p style=\"text-align: left;\"><img decoding=\"async\" class=\"wp-image-1252 size-full alignleft\" style=\"margin-right: 60px;\" src=\"http:\/\/rbg.com.mx\/wp-content\/uploads\/2015\/02\/socio2-copy.png\" alt=\"\" width=\"350\" height=\"261\" srcset=\"https:\/\/rbg.com.mx\/wp-content\/uploads\/2015\/02\/socio2-copy-200x149.png 200w, https:\/\/rbg.com.mx\/wp-content\/uploads\/2015\/02\/socio2-copy-300x224.png 300w, https:\/\/rbg.com.mx\/wp-content\/uploads\/2015\/02\/socio2-copy.png 350w\" sizes=\"(max-width: 350px) 100vw, 350px\" \/><\/p>\n<div id=\"areas\">\n<h3><span style=\"color: #000080;\"><strong>\u00c1REAS DE PR\u00c1CTICA:<\/strong><\/span><span style=\"color: #000080;\">\u00a0<\/span><\/h3>\n<ul>\n<li><span style=\"color: #000080;\">Corporativo\u00a0\u00a0\u00a0\u00a0\u00a0\u00a0\u00a0\u00a0\u00a0\u00a0\u00a0\u00a0\u00a0\u00a0\u00a0\u00a0\u00a0\u00a0\u00a0\u00a0\u00a0\u00a0\u00a0\u00a0\u00a0\u00a0\u00a0\u00a0\u00a0\u00a0\u00a0 <\/span><\/li>\n<li><span style=\"color: #000080;\">Inversiones Extranjeras\u00a0\u00a0\u00a0\u00a0\u00a0\u00a0\u00a0\u00a0\u00a0\u00a0\u00a0\u00a0\u00a0\u00a0\u00a0\u00a0\u00a0\u00a0\u00a0\u00a0 <\/span><\/li>\n<li><span style=\"color: #000080;\">Propiedad Intelectual<br \/>\n<\/span><\/li>\n<li><span style=\"color: #000080;\">Energ\u00eda\u00a0\u00a0\u00a0\u00a0\u00a0\u00a0\u00a0\u00a0\u00a0\u00a0\u00a0\u00a0\u00a0\u00a0\u00a0\u00a0\u00a0\u00a0\u00a0\u00a0\u00a0\u00a0\u00a0\u00a0\u00a0\u00a0\u00a0\u00a0\u00a0\u00a0\u00a0\u00a0\u00a0\u00a0\u00a0\u00a0\u00a0\u00a0 <\/span><\/li>\n<li><span style=\"color: #000080;\">Fusionesy Adquisiciones<\/span><\/li>\n<li><span style=\"color: #000080;\">Licitaciones P\u00fablicas\u00a0\u00a0\u00a0\u00a0\u00a0\u00a0\u00a0\u00a0\u00a0\u00a0\u00a0\u00a0\u00a0\u00a0 <\/span><\/li>\n<li><span style=\"color: #000080;\">Inmobiliario<\/span><\/li>\n<\/ul>\n<\/div>\n<div id=\"texto\">\n<div title=\"Page 1\">\n<div>\n<div>\n<div>\n<p>&nbsp;<\/p>\n<p><strong>Se form\u00f3 en la Universidad Iberoamericana, Licenciado en Derecho, 1985;<\/strong> TMM curso especial en derecho mar\u00edtimo y operaciones navieras, 1985; Instituto Tecnol\u00f3gico Aut\u00f3nomo de M\u00e9xico, Posgrado en Derecho Empresarial, 1987; Universidad Panamericana, Posgrado en Derecho Econ\u00f3mico y Corporativo, 1991; Universidad Panamericana, Posgrado en Derecho Financiero y Comercial Internacional, 1992.<\/p>\n<p>El Licenciado Garc\u00eda S\u00e1nchez se ha desempe\u00f1ado como asesor legal de m\u00faltiples compa\u00f1\u00edas nacionales y extranjeras en diversas transacciones que comprenden sus \u00e1reas de pr\u00e1ctica, incluyendo sin limitar, construcci\u00f3n y operaci\u00f3n de plantas de energ\u00eda, l\u00edneas de transmisi\u00f3n el\u00e9ctrica, plantas de polietileno y otras (bajo los esquemas de IPP, BLT OPF &amp; PPP), as\u00ed como en reestructuras corporativas y financieras y ha estado asimismo involucrado en reestructuras corporativas internacionales y en fusiones y adquisiciones de diversos grupos corporativos y entidades comerciales y en la adquisici\u00f3n de entidades financieras en M\u00e9xico (participando en la adquisici\u00f3n de Banca Conf\u00eda y de Banamex por parte de Citigroup); as\u00ed como proporcionando servicios legales a importantes corporaciones en materia inmobiliaria y en licitaciones y concursos con PEMEX, CFE y otras dependencias gubernamentales. Cuenta con participaci\u00f3n activa en operaciones de propiedad industrial, franquicias, licenciamiento y del derecho de autor y particip\u00f3 como asesor fiduciario en Banamex y como titular del \u00c1rea Legal Corporativa en Transportaci\u00f3n Mar\u00edtima Mexicana.\u00a0 Actualmente funge como Consejero Legal y Secretario del Consejo de Administraci\u00f3n de m\u00faltiples compa\u00f1\u00edas nacionales e internacionales y miembro activo de diversas organizaciones de abogados en M\u00e9xico.<\/p>\n<p>Email: <a href=\"mailto:cgarcia@rbg.com.mx\">cgarcia@rbg.com.mx<\/a><\/p>\n<\/div>\n<\/div>\n<\/div>\n<\/div>\n<\/div>\n<p>&nbsp;<\/p>\n<\/div><div class=\"fusion-sep-clear\"><\/div><div class=\"fusion-separator fusion-full-width-sep\" style=\"margin-left: auto;margin-right: auto;margin-top:20px;width:100%;\"><\/div><div class=\"fusion-sep-clear\"><\/div><div class=\"fusion-clearfix\"><\/div><\/div><\/div><\/div><\/div><div class=\"fusion-fullwidth fullwidth-box fusion-builder-row-3 nonhundred-percent-fullwidth non-hundred-percent-height-scrolling fusion-equal-height-columns\" style=\"--awb-background-position:left top;--awb-border-radius-top-left:0px;--awb-border-radius-top-right:0px;--awb-border-radius-bottom-right:0px;--awb-border-radius-bottom-left:0px;--awb-padding-top:75px;--awb-padding-bottom:35px;--awb-background-color:#c2b49a;--awb-border-sizes-top:0px;--awb-border-sizes-bottom:0px;--awb-flex-wrap:wrap;\" ><div class=\"fusion-builder-row fusion-row\"><div class=\"fusion-layout-column fusion_builder_column fusion-builder-column-5 fusion_builder_column_3_4 3_4 fusion-three-fourth fusion-column-first fusion-animated\" style=\"--awb-bg-size:cover;width:74%; margin-right: 4%;\" data-animationType=\"slideInRight\" data-animationDuration=\"0.9\" data-animationOffset=\"top-into-view\"><div class=\"fusion-column-wrapper fusion-flex-column-wrapper-legacy\"><div class=\"fusion-sep-clear\"><\/div><div class=\"fusion-separator fusion-full-width-sep\" style=\"margin-left: auto;margin-right: auto;margin-top:10px;width:100%;\"><\/div><div class=\"fusion-sep-clear\"><\/div><div class=\"fusion-text fusion-text-8\"><h2 style=\"text-align: left;\"><span style=\"color: #ffffff;\">EL M\u00c1S ALTO NIVEL DE SERVICIOS LEGALES<\/span><\/h2>\n<\/div><div class=\"fusion-clearfix\"><\/div><\/div><\/div><div class=\"fusion-layout-column fusion_builder_column fusion-builder-column-6 fusion_builder_column_1_4 1_4 fusion-one-fourth fusion-column-last\" style=\"--awb-bg-size:cover;width:22%;\"><div class=\"fusion-column-wrapper fusion-flex-column-wrapper-legacy\"><div class=\"fusion-aligncenter\"><a class=\"fusion-button button-flat button-xlarge button-custom fusion-button-default button-1 fusion-button-default-span \" style=\"--button_accent_color:#ffffff;--button_accent_hover_color:#ffffff;--button_border_hover_color:#ffffff;--button_border_width-top:0px;--button_border_width-right:0px;--button_border_width-bottom:0px;--button_border_width-left:0px;--button_gradient_top_color:#918077;--button_gradient_bottom_color:#918077;--button_gradient_top_color_hover:#918077;--button_gradient_bottom_color_hover:#918077;\" target=\"_self\" href=\"#\" data-toggle=\"modal\" data-target=\".fusion-modal.expert\"><span class=\"fusion-button-text\">Cont\u00e1ctanos<\/span><\/a><\/div><div class=\"fusion-clearfix\"><\/div><\/div><\/div><\/div><\/div><\/p>\n","protected":false},"excerpt":{"rendered":"","protected":false},"author":2,"featured_media":0,"parent":0,"menu_order":0,"comment_status":"open","ping_status":"closed","template":"100-width.php","meta":{"footnotes":""},"class_list":["post-12","page","type-page","status-publish","hentry"],"_links":{"self":[{"href":"https:\/\/rbg.com.mx\/index.php?rest_route=\/wp\/v2\/pages\/12","targetHints":{"allow":["GET"]}}],"collection":[{"href":"https:\/\/rbg.com.mx\/index.php?rest_route=\/wp\/v2\/pages"}],"about":[{"href":"https:\/\/rbg.com.mx\/index.php?rest_route=\/wp\/v2\/types\/page"}],"author":[{"embeddable":true,"href":"https:\/\/rbg.com.mx\/index.php?rest_route=\/wp\/v2\/users\/2"}],"replies":[{"embeddable":true,"href":"https:\/\/rbg.com.mx\/index.php?rest_route=%2Fwp%2Fv2%2Fcomments&post=12"}],"version-history":[{"count":7,"href":"https:\/\/rbg.com.mx\/index.php?rest_route=\/wp\/v2\/pages\/12\/revisions"}],"predecessor-version":[{"id":1273,"href":"https:\/\/rbg.com.mx\/index.php?rest_route=\/wp\/v2\/pages\/12\/revisions\/1273"}],"wp:attachment":[{"href":"https:\/\/rbg.com.mx\/index.php?rest_route=%2Fwp%2Fv2%2Fmedia&parent=12"}],"curies":[{"name":"wp","href":"https:\/\/api.w.org\/{rel}","templated":true}]}}